92980?
8
What is the hundreds digit of 14394918?
9
What is the hundred thousands digit of 415409?
4
What is the tens digit of 1085583?
8
What is the tens digit of 303582?
8
What is the ten thousands digit of 8778769?
7
What is the ten thousands digit of 7492346?
9
What is the ten thousands digit of 6849176?
4
What is the hundred thousands digit of 4534844?
5
What is the tens digit of 23851243?
4
What is the thousands digit of 14178632?
8
What is the ten thousands digit of 645153?
4
What is the hundred thousands digit of 3302638?
3
What is the ten thousands digit of 2467049?
6
What is the thousands digit of 3706650?
6
What is the hundreds digit of 5854800?
8
What is the millions digit of 2465611?
2
What is the thousands digit of 13407754?
7
What is the thousands digit of 1099422?
9
What is the hundred thousands digit of 2378659?
3
What is the units digit of 1289737?
7
What is the hundreds digit of 1159712?
7
What is the hundred thousands digit of 921461?
9
What is the tens digit of 746468?
6
What is the thousands digit of 841694?
1
What is the thousands digit of 1308457?
8
What is the ten thousands digit of 481823?
8
What is the hundreds digit of 1745442?
4
What is the hundreds digit of 76913?
9
What is the hundreds digit of 89956?
9
What is the tens digit of 2405382?
8
What is the units digit of 166100?
0
What is the units digit of 499376?
6
What is the hundreds digit of 27410521?
5
What is the thousands digit of 6019721?
9
What is the tens digit of 18884520?
2
What is the tens digit of 711845?
4
What is the units digit of 392359?
9
What is the ten thousands digit of 2908758?
0
What is the units digit of 1686467?
7
What is the tens digit of 5718302?
0
What is the millions digit of 5310295?
5
What is the ten millions digit of 10752132?
1
What is the hundred thousands digit of 569773?
5
What is the millions digit of 26113927?
6
What is the units digit of 4446?
6
What is the hundred thousands digit of 3970831?
9
What is the hundred thousands digit of 221910?
2
What is the hundreds digit of 73927?
9
What is the hundred thousands digit of 3217557?
2
What is the hundreds digit of 3963818?
8
What is the hundreds digit of 11438567?
5
What is the thousands digit of 56383?
6
What is the hundreds digit of 1814059?
0
What is the tens digit of 1018912?
1
What is the hundred thousands digit of 1960240?
9
What is the thousands digit of 1398384?
8
What is the hundred thousands digit of 605452?
6
What is the ten thousands digit of 389472?
8
What is the hundreds digit of 58539?
5
What is the ten thousands digit of 252678?
5
What is the hundreds digit of 3586?
5
What is the thousands digit of 2415364?
5
What is the thousands digit of 102367?
2
What is the tens digit of 1727021?
2
What is the millions digit of 36163022?
6
What is the millions digit of 2519861?
2
What is the millions digit of 18734364?
8
What is the tens digit of 620722?
2
What is the hundred thousands digit of 1299709?
2
What is the tens digit of 7001932?
3
What is the ten millions digit of 26891229?
2
What is the units digit of 7713987?
7
What is the hundred thousands digit of 1667816?
6
What is the hundreds digit of 6148407?
4
What is the thousands digit of 2698265?
8
What is the tens digit of 131852?
5
What is the hundreds digit of 7050669?
6
What is the millions digit of 2850254?
2
What is the hundred thousands digit of 196604?
1
What is the hundreds digit of 969231?
2
What is the ten thousands digit of 466592?
6
What is the thousands digit of 22225?
2
What is the thousands digit of 1609758?
9
What is the ten thousands digit of 1170615?
7
What is the units digit of 1642533?
3
What is the thousands digit of 96704?
6
What is the ten thousands digit of 326289?
2
What is the hundred thousands digit of 1734672?
7
What is the hundreds digit of 364589?
5
What is the tens digit of 1734070?
7
What is the ten thousands digit of 7493766?
9
What is the thousands digit of 464267?
4
What is the units digit of 822991?
1
What is the thousands digit of 847655?
7
What is the ten thousands digit of 38580181?
8
What is the ten thousands digit of 2424550?
2
What is the tens digit of 933866?
6
What is the tens digit of 19358?
5
What is the ten thousands digit of 21951128?
5
What is the ten thousands digit of 901530?
0
What is the thousands digit of 641184?
1
What is the hundred thousands digit of 1569619?
5
What is the units digit of 183311?
1
What is the hundred thousands digit of 495243?
4
What is the hundreds digit of 5583818?
8
What is the hundred thousands digit of 293158?
2
What is the hundreds digit of 567609?
6
What is the tens digit of 221295?
9
What is the thousands digit of 263708?
3
What is the units digit of 238751?
1
What is the hundred thousands digit of 390605?
3
What is the hundreds digit of 576879?
8
What is the ten thousands digit of 776849?
7
What is the tens digit of 94017?
1
What is the thousands digit of 9340830?
0
What is the hundreds digit of 831356?
3
What is the hundreds digit of 1057345?
3
What is the units digit of 801275?
5
What is the millions digit of 11454294?
1
What is the ten thousands digit of 30356878?
5
What is the tens digit of 5221143?
4
What is the tens digit of 1644376?
7
What is the millions digit of 2745431?
2
What is the ten thousands digit of 1262679?
6
What is the hundreds digit of 8184279?
2
What is the hundred thousands digit of 426957?
4
What is the hundred thousands digit of 2521351?
5
What is the hundreds digit of 404823?
8
What is the ten thousands digit of 2076549?
7
What is the hundreds digit of 3972188?
1
What is the units digit of 37966?
6
What is the units digit of 3311?
1
What is the hundred thousands digit of 8090224?
0
What is the thousands digit of 2284401?
4
What is the ten thousands digit of 2642097?
4
What is the thousands digit of 477275?
7
What is the hundred thousands digit of 4965343?
9
What is the units digit of 541074?
4
What is the ten thousands digit of 409919?
0
What is the thousands digit of 7099795?
9
What is the hundreds digit of 5173516?
5
What is the hundred thousands digit of 1277035?
2
What is the ten thousands digit of 32066?
3
What is the hundred thousands digit of 892355?
8
What is the thousands digit of 11256412?
6
What is the thousands digit of 36687?
6
What is the hundreds digit of 1168542?
5
What is the hundreds digit of 2066834?
8
What is the ten thousands digit of 139395?
3
What is the units digit of 4109712?
2
What is the units digit of 20509229?
9
What is the units digit of 187068?
8
What is the units digit of 22729?
9
What is the ten thousands digit of 22004613?
0
What is the millions digit of 16741396?
6
What is the thousands digit of 540211?
0
What is the millions digit of 8963176?
8
What is the hundreds digit of 1423680?
6
What is the hundred thousands digit of 13775962?
7
What is the millions digit of 7349077?
7
What is the units digit of 101000?
0
What is the thousands digit of 572677?
2
What is the hundred thousands digit of 698428?
6
What is the hundred thousands digit of 1010690?
0
What is the hundreds digit of 317266?
2
What is the thousands digit of 893497?
3
What is the hundreds digit of 12639615?
6
What is the tens digit of 1383802?
0
What is the tens digit of 1301361?
6
What is the millions digit of 1154344?
1
What is the units digit of 477454?
4
What is the ten thousands digit of 249206?
4
What is the thousands digit of 442463?
2
What is the ten thousands digit of 34989649?
8
What is the ten thousands digit of 3023620?
2
What is the millions digit of 1878573?
1
What is the units digit of 179411?
1
What is the ten thousands digit of 24530708?
3
What is the units digit of 17025715?
5
What is the thousands digit of 189761?
9
What is the ten thousands digit of 241390?
4
What is the ten thousands digit of 403498?
0
What is the thousands digit of 197824?
7
What is the ten thousands digit of 346085?
4
What is the ten thousands digit of 22531077?
3
What is the tens digit of 14160164?
6
What is the hundred thousands digit of 878095?
8
What is the hundred thousands digit of 14772730?
7
What is the ten thousands digit of 32679001?
7
What is the ten thousands digit of 2630544?
3
What is the units digit of 142606?
6
What is the millions digit of 8118008?
8
What is the ten thousands digit of 12803236?
0
What is the th